{"id":34,"date":"2017-10-14T15:32:15","date_gmt":"2017-10-14T18:32:15","guid":{"rendered":"http:\/\/ceranegra.com.br\/wordpress\/my-account\/"},"modified":"2020-05-01T11:45:24","modified_gmt":"2020-05-01T14:45:24","slug":"my-account","status":"publish","type":"page","link":"https:\/\/ceranegra.com.br\/wordpress\/my-account\/","title":{"rendered":"Minha Conta"},"content":{"rendered":"\t\t<div data-elementor-type=\"wp-page\" data-elementor-id=\"34\" class=\"elementor elementor-34\">\n\t\t\t\t\t\t<section class=\"elementor-section elementor-top-section elementor-element elementor-element-1e04cd3f elementor-section-boxed elementor-section-height-default elementor-section-height-default\" data-id=\"1e04cd3f\" data-element_type=\"section\" data-e-type=\"section\">\n\t\t\t\t\t\t<div class=\"elementor-container elementor-column-gap-default\">\n\t\t\t\t\t<div class=\"elementor-column elementor-col-100 elementor-top-column elementor-element elementor-element-3d0a5d1f\" data-id=\"3d0a5d1f\" data-element_type=\"column\" data-e-type=\"column\">\n\t\t\t<div class=\"elementor-widget-wrap elementor-element-populated\">\n\t\t\t\t\t\t<div class=\"elementor-element elementor-element-39487704 elementor-widget elementor-widget-shortcode\" data-id=\"39487704\" data-element_type=\"widget\" data-e-type=\"widget\" data-widget_type=\"shortcode.default\">\n\t\t\t\t<div class=\"elementor-widget-container\">\n\t\t\t\t\t\t\t<div class=\"elementor-shortcode\"><div class=\"woocommerce\"><\/div><\/div>\n\t\t\t\t\t\t<\/div>\n\t\t\t\t<\/div>\n\t\t\t\t\t<\/div>\n\t\t<\/div>\n\t\t\t\t\t<\/div>\n\t\t<\/section>\n\t\t\t\t<section class=\"elementor-section elementor-top-section elementor-element elementor-element-c81a6f4 elementor-section-boxed elementor-section-height-default elementor-section-height-default\" data-id=\"c81a6f4\" data-element_type=\"section\" data-e-type=\"section\">\n\t\t\t\t\t\t<div class=\"elementor-container elementor-column-gap-default\">\n\t\t\t\t\t<div class=\"elementor-column elementor-col-100 elementor-top-column elementor-element elementor-element-868126c\" data-id=\"868126c\" data-element_type=\"column\" data-e-type=\"column\">\n\t\t\t<div class=\"elementor-widget-wrap elementor-element-populated\">\n\t\t\t\t\t\t<div class=\"elementor-element elementor-element-68e6224 elementor-widget elementor-widget-text-editor\" data-id=\"68e6224\" data-element_type=\"widget\" data-e-type=\"widget\" data-widget_type=\"text-editor.default\">\n\t\t\t\t<div class=\"elementor-widget-container\">\n\t\t\t\t\t\t\t\t\t<p align=right><a href=\"https:\/\/ceranegra.com.br\/wordpress\/affiliate-dashboard\/\"><b>Clique aqui para entrar no painel de Afiliado<\/b><\/a><\/p>\n<strong>Por que se cadastrar ?<\/strong>\nCadastrando-se voc\u00ea receber\u00e1 nossas promo\u00e7\u00f5es, dicas e novidades sobre depila\u00e7\u00e3o. Pode ainda,efetivar suas futuras compras sem a necessidade de preencher novos cadastros. \u00c9 importante manter seus dados atualizados para que suas compras sejam entregues corretamente.\n\n<strong>Parceiro\/Afiliado<\/strong>\nPode ainda se tornar um parceiro afiliado e divulgar nossos links de produtos em suas redes sociais e ganhar de 5 a 10% de comiss\u00f5es e optar em receber em dinheiro ou trocar por produtos em nossa loja.\t\t\t\t\t\t\t\t<\/div>\n\t\t\t\t<\/div>\n\t\t\t\t\t<\/div>\n\t\t<\/div>\n\t\t\t\t\t<\/div>\n\t\t<\/section>\n\t\t\t\t<\/div>\n\t\t","protected":false},"excerpt":{"rendered":"<p>Clique aqui para entrar no painel de Afiliado Por que se cadastrar ? Cadastrando-se voc\u00ea receber\u00e1 nossas promo\u00e7\u00f5es, dicas e novidades sobre depila\u00e7\u00e3o. Pode ainda,efetivar suas futuras compras sem a necessidade de preencher novos cadastros. \u00c9 importante manter seus dados atualizados para que suas compras sejam entregues corretamente. Parceiro\/Afiliado Pode ainda se tornar um parceiro<span class=\"read-more-faq\"><a href=\"https:\/\/ceranegra.com.br\/wordpress\/my-account\/\">Read More<\/a><\/span><\/p>\n","protected":false},"author":1,"featured_media":0,"parent":0,"menu_order":0,"comment_status":"closed","ping_status":"closed","template":"","meta":{"footnotes":""},"class_list":["post-34","page","type-page","status-publish","hentry"],"wppr_data":{"cwp_meta_box_check":"No"},"jetpack_sharing_enabled":true,"_links":{"self":[{"href":"https:\/\/ceranegra.com.br\/wordpress\/wp-json\/wp\/v2\/pages\/34","targetHints":{"allow":["GET"]}}],"collection":[{"href":"https:\/\/ceranegra.com.br\/wordpress\/wp-json\/wp\/v2\/pages"}],"about":[{"href":"https:\/\/ceranegra.com.br\/wordpress\/wp-json\/wp\/v2\/types\/page"}],"author":[{"embeddable":true,"href":"https:\/\/ceranegra.com.br\/wordpress\/wp-json\/wp\/v2\/users\/1"}],"replies":[{"embeddable":true,"href":"https:\/\/ceranegra.com.br\/wordpress\/wp-json\/wp\/v2\/comments?post=34"}],"version-history":[{"count":9,"href":"https:\/\/ceranegra.com.br\/wordpress\/wp-json\/wp\/v2\/pages\/34\/revisions"}],"predecessor-version":[{"id":1966,"href":"https:\/\/ceranegra.com.br\/wordpress\/wp-json\/wp\/v2\/pages\/34\/revisions\/1966"}],"wp:attachment":[{"href":"https:\/\/ceranegra.com.br\/wordpress\/wp-json\/wp\/v2\/media?parent=34"}],"curies":[{"name":"wp","href":"https:\/\/api.w.org\/{rel}","templated":true}]}}