{"id":3263,"date":"2021-05-17T16:06:45","date_gmt":"2021-05-17T19:06:45","guid":{"rendered":"https:\/\/ceranegra.com.br\/wordpress\/?post_type=product&#038;p=3263"},"modified":"2025-09-29T22:43:16","modified_gmt":"2025-09-30T01:43:16","slug":"mascara-descartavel-tnt-tripla","status":"publish","type":"product","link":"https:\/\/ceranegra.com.br\/wordpress\/produto\/mascara-descartavel-tnt-tripla\/","title":{"rendered":"M\u00e1scara Descart\u00e1vel TNT Tripla"},"content":{"rendered":"<p>Se cuide, cuide dos seus, n\u00e3o saia sem sua m\u00e1scara!<\/p>\n<p>3 Camadas<br \/>\nAjuste Com El\u00e1stico<br \/>\nResistente a Rasgos e Tra\u00e7\u00e3o<br \/>\nAnti Alerg\u00eanico<br \/>\nN\u00e3o Inflam\u00e1vel<br \/>\nCor Branca<br \/>\nEfici\u00eancia na Filtra\u00e7\u00e3o Mec\u00e2nica de Bact\u00e9rias, Subst\u00e2ncias e L\u00edquidos Biol\u00f3gicos.<\/p>\n<p>Instru\u00e7\u00f5es: Recomenda-se us\u00e1-lo por 4 horas. Per\u00edodo de armazenamento:<br \/>\nO per\u00edodo de armazenamento \u00e9 de 2 anos se a embalagem estiver intacta.<\/p>\n<p>M\u00e9todo de armazenamento:<br \/>\nVerifique a apar\u00eancia da m\u00e1scara antes de usar, se houver danos, \u00f3leo, manchas, odor n\u00e3o use, use a m\u00e1scara na face, assegure-se de que est\u00e1 cobrindo nariz e boca, proteja a m\u00e1scara.<\/p>\n<p>Data de fabrica\u00e7\u00e3o: 25\/04\/2021<br \/>\nPadr\u00e3o: GB \/ T32610-2016<\/p>\n<div class=\"report-link\"><\/div>\n","protected":false},"excerpt":{"rendered":"<p><strong>M\u00c1SCARA DESCART\u00c1VEL DE PROTE\u00c7\u00c3O<br \/>\nFACIAL TRIPLA CAMADA<\/strong><\/p>\n<p>M\u00e1scara confort\u00e1vel. Tripla 3 camadas. Com clip nasal.<br \/>\nEl\u00e1sticos confort\u00e1veis que esticam para os ouvidos. Efetivamente bloqueia os germes.<br \/>\n<strong>M\u00e9todo de uso:<\/strong><br \/>\nLave as m\u00e3os antes de usar sua m\u00e1scara. Verifique a nova m\u00e1scara para garantir que n\u00e3o esteja danificada. Pressione a tira met\u00e1lica para ajustar o formato do nariz.<br \/>\nCubra totalmente a boca e o nariz, certificando-se de que n\u00e3o h\u00e1 lacunas.<br \/>\nN\u00e3o toque na m\u00e1scara enquanto a estiver usando, sem lavar as m\u00e3os.<br \/>\nDescarte a m\u00e1scara em uma lixeira fechada sem tocar na frente da mesma.<\/p>\n<p>Especifica\u00e7\u00f5es: 17,5cm x 9,5cm<br \/>\nPacote com 50 pe\u00e7as.<br \/>\nMascara de 3 dobras, mais resistente.<\/p>\n<p>O uso por crian\u00e7as deve ser orientado por adultos.<br \/>\nN\u00e3o reutilize a mesma.<\/p>\n","protected":false},"featured_media":3264,"comment_status":"open","ping_status":"closed","template":"","meta":[],"product_brand":[],"product_cat":[36],"product_tag":[49],"class_list":{"0":"post-3263","1":"product","2":"type-product","3":"status-publish","4":"has-post-thumbnail","6":"product_cat-descartavel","7":"product_tag-mascara","9":"first","10":"instock","11":"sale","12":"taxable","13":"shipping-taxable","14":"purchasable","15":"product-type-simple"},"wppr_data":{"cwp_meta_box_check":"No"},"jetpack_sharing_enabled":true,"_links":{"self":[{"href":"https:\/\/ceranegra.com.br\/wordpress\/wp-json\/wp\/v2\/product\/3263","targetHints":{"allow":["GET"]}}],"collection":[{"href":"https:\/\/ceranegra.com.br\/wordpress\/wp-json\/wp\/v2\/product"}],"about":[{"href":"https:\/\/ceranegra.com.br\/wordpress\/wp-json\/wp\/v2\/types\/product"}],"replies":[{"embeddable":true,"href":"https:\/\/ceranegra.com.br\/wordpress\/wp-json\/wp\/v2\/comments?post=3263"}],"wp:featuredmedia":[{"embeddable":true,"href":"https:\/\/ceranegra.com.br\/wordpress\/wp-json\/wp\/v2\/media\/3264"}],"wp:attachment":[{"href":"https:\/\/ceranegra.com.br\/wordpress\/wp-json\/wp\/v2\/media?parent=3263"}],"wp:term":[{"taxonomy":"product_brand","embeddable":true,"href":"https:\/\/ceranegra.com.br\/wordpress\/wp-json\/wp\/v2\/product_brand?post=3263"},{"taxonomy":"product_cat","embeddable":true,"href":"https:\/\/ceranegra.com.br\/wordpress\/wp-json\/wp\/v2\/product_cat?post=3263"},{"taxonomy":"product_tag","embeddable":true,"href":"https:\/\/ceranegra.com.br\/wordpress\/wp-json\/wp\/v2\/product_tag?post=3263"}],"curies":[{"name":"wp","href":"https:\/\/api.w.org\/{rel}","templated":true}]}}