{"id":3271,"date":"2021-05-18T12:33:21","date_gmt":"2021-05-18T15:33:21","guid":{"rendered":"https:\/\/ceranegra.com.br\/wordpress\/?post_type=product&#038;p=3271"},"modified":"2025-03-17T11:39:34","modified_gmt":"2025-03-17T14:39:34","slug":"capa-para-tintura-descartavel","status":"publish","type":"product","link":"https:\/\/ceranegra.com.br\/wordpress\/produto\/capa-para-tintura-descartavel\/","title":{"rendered":"Capa para tintura descart\u00e1vel"},"content":{"rendered":"<h2 class=\"ui-pdp-description__title\">Descri\u00e7\u00e3o<\/h2>\n<p class=\"ui-pdp-description__content\">Composi\u00e7\u00e3o: 100% Polietileno , ultra resistente<\/p>\n<p>Cont\u00e9m : 50 Unidades &#8211; 1,20 cm X 1,20 cm &#8211; Descart\u00e1vel<\/p>\n<p>As capas descart\u00e1veis s\u00e3o indicadas para qu\u00edmica dos cabelos, corte ou qualquer outra procedimento com o intuito de proteger o cliente do contato com produtos qu\u00edmicos.<\/p>\n","protected":false},"excerpt":{"rendered":"<p>As capas descart\u00e1veis s\u00e3o muito mais higi\u00eanicas do que as capas de corte e tintura comuns, pois por serem descart\u00e1veis, evitam o cont\u00e1gio e transmiss\u00e3o de doen\u00e7as infecto-contagiosas.<\/p>\n<p>Sendo de 100% Polietileno ultra-resistente n\u00e3o deixa que os produtos qu\u00edmicos utilizados nos tratamentos capilares entrem em contato com seu cliente por ter uma maior gramatura a capa n\u00e3o rasga com facilidade aumentando a seguran\u00e7a durante o tratamento capilar.<\/p>\n<p>Evite constrangimentos com seus clientes e ofere\u00e7a tratamentos seguros optando por produtos de alta qualidade, assim voc\u00ea fideliza seu cliente e garante que ele retorne a seu estabelecimento.<\/p>\n<p><strong>Produto de uso individual &#8211; descart\u00e1vel<br \/>\nPacote com 50 unidades\u00a0<\/strong><\/p>\n<p>O uso de produtos descart\u00e1veis oferece maior seguran\u00e7a para os clientes, em locais que necessitam de cuidados com limpeza e higiene. Ideal para clinicas de est\u00e9ticas, sal\u00f5es de beleza e etc.<\/p>\n","protected":false},"featured_media":3272,"comment_status":"open","ping_status":"closed","template":"","meta":[],"product_brand":[],"product_cat":[36],"product_tag":[50],"class_list":{"0":"post-3271","1":"product","2":"type-product","3":"status-publish","4":"has-post-thumbnail","6":"product_cat-descartavel","7":"product_tag-capa-tintura","9":"first","10":"outofstock","11":"sale","12":"taxable","13":"shipping-taxable","14":"purchasable","15":"product-type-simple"},"wppr_data":{"cwp_meta_box_check":"No"},"jetpack_sharing_enabled":true,"_links":{"self":[{"href":"https:\/\/ceranegra.com.br\/wordpress\/wp-json\/wp\/v2\/product\/3271","targetHints":{"allow":["GET"]}}],"collection":[{"href":"https:\/\/ceranegra.com.br\/wordpress\/wp-json\/wp\/v2\/product"}],"about":[{"href":"https:\/\/ceranegra.com.br\/wordpress\/wp-json\/wp\/v2\/types\/product"}],"replies":[{"embeddable":true,"href":"https:\/\/ceranegra.com.br\/wordpress\/wp-json\/wp\/v2\/comments?post=3271"}],"wp:featuredmedia":[{"embeddable":true,"href":"https:\/\/ceranegra.com.br\/wordpress\/wp-json\/wp\/v2\/media\/3272"}],"wp:attachment":[{"href":"https:\/\/ceranegra.com.br\/wordpress\/wp-json\/wp\/v2\/media?parent=3271"}],"wp:term":[{"taxonomy":"product_brand","embeddable":true,"href":"https:\/\/ceranegra.com.br\/wordpress\/wp-json\/wp\/v2\/product_brand?post=3271"},{"taxonomy":"product_cat","embeddable":true,"href":"https:\/\/ceranegra.com.br\/wordpress\/wp-json\/wp\/v2\/product_cat?post=3271"},{"taxonomy":"product_tag","embeddable":true,"href":"https:\/\/ceranegra.com.br\/wordpress\/wp-json\/wp\/v2\/product_tag?post=3271"}],"curies":[{"name":"wp","href":"https:\/\/api.w.org\/{rel}","templated":true}]}}