{"id":3928,"date":"2022-04-25T19:10:36","date_gmt":"2022-04-25T22:10:36","guid":{"rendered":"https:\/\/ceranegra.com.br\/wordpress\/?post_type=product&#038;p=3928"},"modified":"2025-12-20T13:52:29","modified_gmt":"2025-12-20T16:52:29","slug":"argila-verde-500-gr","status":"publish","type":"product","link":"https:\/\/ceranegra.com.br\/wordpress\/produto\/argila-verde-500-gr\/","title":{"rendered":"ARGILA VERDE 500 Gr"},"content":{"rendered":"<p>A ARGILA VERDE \u00e9 uma subst\u00e2ncia em p\u00f3 usada para tratar a pele e o cabelo, ela \u00e9 uma op\u00e7\u00e3o de tratamento cosm\u00e9tico natural.<\/p>\n<p>A argila verde pertence ao grupo da montmorilonita e \u00e9 a mais conhecida entre as argilas. Ela \u00e9 a que possui a maior diversidade de elementos, como \u00f3xido de ferro associado a magn\u00e9sio, c\u00e1lcio, pot\u00e1ssio, mangan\u00eas, f\u00f3sforo, zinco, alum\u00ednio, sil\u00edcio, cobre, sel\u00eanio, cobalto e molibd\u00eanio. Sua colora\u00e7\u00e3o deve-se principalmente \u00e0 presen\u00e7a do \u00f3xido de ferro ligado aos outros componentes.<\/p>\n<p>Descubra mais sobre argilas<a href=\"https:\/\/ceranegra.com.br\/wordpress\/argila\/\"> clicando aqui!<\/a><\/p>\n<p>A argila verde apresenta pH neutro, grande fun\u00e7\u00e3o absorvente, combate edemas, \u00e9 secativa, emoliente, antiss\u00e9ptica, bactericida, analg\u00e9sica e cicatrizante. Ela \u00e9 indicada para peles oleosas e acneicas e para a fabrica\u00e7\u00e3o de produtos destinados ao tratamento de cabelos oleosos. Oxigena as c\u00e9lulas, \u00e9 esfoliante suave, promove a desintoxica\u00e7\u00e3o e regula a produ\u00e7\u00e3o seb\u00e1cea.<\/p>\n<p>A argila verde \u00e9 uma das mais utilizadas para os cuidados com o corpo. Por possuir diversos componentes, apresenta muitos benef\u00edcios para a sa\u00fade.<\/p>\n<p>Ela possui pH neutro, tem a\u00e7\u00e3o adstringente, tonificante e remineralizante. A presen\u00e7a do ferro tem papel importante na respira\u00e7\u00e3o celular e na transfer\u00eancia de el\u00e9trons, deixando a pele hidratada, revitalizada e firme.<\/p>\n<h2>Como preparar m\u00e1scara de argila verde<\/h2>\n<p>Ao preparar o <strong>cosm\u00e9tico para o rosto<\/strong>, voc\u00ea vai precisar adicionar<\/p>\n<ul>\n<li>1 colher de argila verde em p\u00f3<\/li>\n<\/ul>\n<p>E um pouco das seguintes solu\u00e7\u00f5es l\u00edquidas:<\/p>\n<ul>\n<li>\u00c1gua mineral<\/li>\n<li>Soro fisiol\u00f3gico<\/li>\n<li>\u00c1gua termal<\/li>\n<li>Lo\u00e7\u00e3o hidratante neutra<\/li>\n<\/ul>\n<p>Misture at\u00e9 obter um ponto em que o creme n\u00e3o escorra pela pele.<\/p>\n<p>Dica: &#8220;Voc\u00ea pode tamb\u00e9m incluir algumas gotinhas de \u00f3leos essenciais, \u00f3leo de argan, ampolas de vitaminas, entre outros ativos, de acordo com a necessidade da pele ou cabelo&#8221;<\/p>\n","protected":false},"excerpt":{"rendered":"<h2>Benef\u00edcios da argila verde para a pele do rosto<\/h2>\n<p>Usar argila verde no rosto \u00e9 um jeito de cuidar da pele de forma natural. Ela \u00e9 indicada para peles normais, mistas, oleosas e at\u00e9 as acneicas. Veja os benef\u00edcios da argila verde para o rosto:<\/p>\n<ul>\n<li><strong>Clareia manchas<\/strong>: ela atua como um peeling superficial, promovendo renova\u00e7\u00e3o das c\u00e9lulas do rosto que est\u00e3o tornando a pele mais pigmentada<\/li>\n<li><strong>Remove cicatrizes<\/strong> j\u00e1 formadas<\/li>\n<li><strong>Revitaliza<\/strong> a pele<\/li>\n<li><strong>Funciona como um esfoliante<\/strong>: por causa de seus gr\u00e3os, a argila verde remove as impurezas sem agredir a pele<\/li>\n<li>Ajuda a fazer uma <strong>limpeza profunda dos poros<\/strong><\/li>\n<li><strong>Prepara a pele<\/strong> para receber um tratamento revitalizador<\/li>\n<li><strong>Absorve a oleosidade<\/strong> sem ressecar<\/li>\n<li><strong>Hidrata<\/strong><\/li>\n<li><strong>Cicatriza a acne <\/strong>j\u00e1 formada<\/li>\n<li>Tem <strong>a\u00e7\u00e3o calmante<\/strong><\/li>\n<li>Tem <strong>a\u00e7\u00e3o anti-inflamat\u00f3ria<\/strong><\/li>\n<\/ul>\n<p><img decoding=\"async\" class=\"size-medium wp-image-3522\" src=\"https:\/\/ceranegra.com.br\/wordpress\/wp-content\/uploads\/2021\/08\/argila8-1-300x154.jpg\" alt=\"Argila verde\" width=\"300\" height=\"154\" srcset=\"https:\/\/i0.wp.com\/ceranegra.com.br\/wordpress\/wp-content\/uploads\/2021\/08\/argila8-1.jpg?resize=300%2C154&amp;ssl=1 300w, https:\/\/i0.wp.com\/ceranegra.com.br\/wordpress\/wp-content\/uploads\/2021\/08\/argila8-1.jpg?resize=50%2C26&amp;ssl=1 50w, https:\/\/i0.wp.com\/ceranegra.com.br\/wordpress\/wp-content\/uploads\/2021\/08\/argila8-1.jpg?w=313&amp;ssl=1 313w\" sizes=\"(max-width: 300px) 100vw, 300px\" \/><\/p>\n<p>&nbsp;<\/p>\n<p style=\"text-align: left;\">Validade: 3 anos da data de fabrica\u00e7\u00e3o<br \/>\nPeso: 500gr<br \/>\nOrigem: Natural do Nordeste do Brasil<br \/>\nEAN: 7898994824237<\/p>\n<p>&nbsp;<\/p>\n<p>&nbsp;<\/p>\n","protected":false},"featured_media":3931,"comment_status":"open","ping_status":"closed","template":"","meta":[],"product_brand":[],"product_cat":[57],"product_tag":[58],"class_list":{"0":"post-3928","1":"product","2":"type-product","3":"status-publish","4":"has-post-thumbnail","6":"product_cat-argila","7":"product_tag-argila","9":"first","10":"instock","11":"sale","12":"purchasable","13":"product-type-simple"},"wppr_data":{"cwp_meta_box_check":"No"},"jetpack_sharing_enabled":true,"_links":{"self":[{"href":"https:\/\/ceranegra.com.br\/wordpress\/wp-json\/wp\/v2\/product\/3928","targetHints":{"allow":["GET"]}}],"collection":[{"href":"https:\/\/ceranegra.com.br\/wordpress\/wp-json\/wp\/v2\/product"}],"about":[{"href":"https:\/\/ceranegra.com.br\/wordpress\/wp-json\/wp\/v2\/types\/product"}],"replies":[{"embeddable":true,"href":"https:\/\/ceranegra.com.br\/wordpress\/wp-json\/wp\/v2\/comments?post=3928"}],"wp:featuredmedia":[{"embeddable":true,"href":"https:\/\/ceranegra.com.br\/wordpress\/wp-json\/wp\/v2\/media\/3931"}],"wp:attachment":[{"href":"https:\/\/ceranegra.com.br\/wordpress\/wp-json\/wp\/v2\/media?parent=3928"}],"wp:term":[{"taxonomy":"product_brand","embeddable":true,"href":"https:\/\/ceranegra.com.br\/wordpress\/wp-json\/wp\/v2\/product_brand?post=3928"},{"taxonomy":"product_cat","embeddable":true,"href":"https:\/\/ceranegra.com.br\/wordpress\/wp-json\/wp\/v2\/product_cat?post=3928"},{"taxonomy":"product_tag","embeddable":true,"href":"https:\/\/ceranegra.com.br\/wordpress\/wp-json\/wp\/v2\/product_tag?post=3928"}],"curies":[{"name":"wp","href":"https:\/\/api.w.org\/{rel}","templated":true}]}}